of n(v). Give z(c).
4
Let h(c) = 13*c + 28. Let z(q) = -3*q - 7. Let x(b) = -2*h(b) - 9*z(b). Calculate x(10).
17
Let n = 282 - 270. Let w(y) = y - 4. Give w(n).
8
Let f(u) be the second derivative of u**2/2 - 24*u. Let m(c) = c + 6. Let w(j) = -2*f(j) + m(j). Give w(-3).
1
Let p be (-110)/(-66) + (-2 - (-14)/6). Let u(q) = 8*q**p - 18 - q**2 - q**2 + 19. Calculate u(-1).
7
Let r(p) be the third derivative of p**5/60 + p**4/24 - p**3 + 251*p**2. Determine r(0).
-6
Let p(g) = 1 + 1 - 1. Let i(v) = -7*v + 15. Let y(k) = 11*k - 22. Let o(n) = -8*i(n) - 5*y(n). Let u(w) = -o(w) - 6*p(w). Give u(3).
1
Let q(p) = 3*p + 15. Let f be q(-6). Let i(s) = -6*s - 5*s - 1 + 4*s + 0. Let n(c) = 4*c + 1. Let u(j) = f*i(j) - 5*n(j). Calculate u(-4).
-6
Let z(s) be the second derivative of -s**4/12 - 5*s**3/3 + 9*s**2 + 27*s. What is z(-11)?
7
Let d(b) = b**3 + 5*b**2 - 3*b - 4. Suppose w + 2 = 2*w. Suppose 0 = -w*n - 9 + 5. Let s be (-1)/n*(2 + -12). Calculate d(s).
11
Let c(y) be the first derivative of y**2/2 - 4*y - 718. Suppose w = -4 - 1. Give c(w).
-9
Let x(l) be the third derivative of -l**6/120 - l**5/10 + 5*l**4/24 - 5*l**3/6 - 185*l**2. Determine x(-7).
9
Let r(k) = -2*k**3 + 14*k**2 + 4. Let j be r(7). Let u(w) be the first derivative of -w**4/4 + w**3 + 3*w**2/2 + 3*w - 6. Calculate u(j).
-1
Let o be -2*(0 + (-3)/3). Suppose o*y = 4 - 18. Let w = y + 2. Let m(z) = -z**2 - 4*z + 6. Calculate m(w).
1
Let y be 74 - (4/(-4) - 0). Let f = y + -74. Let z(o) = -o. Determine z(f).
-1
Let k(z) = -5*z - 2 - 172*z**3 + 173*z**3 - 6 + 0*z**2 - 6*z**2. What is k(6)?
-38
Let o = 47 - 38. Let n(q) be the third derivative of q**6/120 - 3*q**5/20 + q**4/12 - 5*q**3/6 - 19*q**2 - 2*q. Determine n(o).
13
Let c(a) = -a. Suppose -8*t - 13 = -9*t. Suppose t*k - 5*k - 48 = 0. Calculate c(k).
-6
Suppose 2*l + 60 = 6*l + x, -2*l + 30 = -5*x. Let u(v) = -v**2 + 15*v + 7. Give u(l).
7
Let h be (-175)/(-30) - (-1)/6. Suppose h*z - 55 = 17*z. Let y(m) = m**2 + 2*m - 5. Determine y(z).
10
Let a(y) be the first derivative of -y**4/4 + 4*y**3/3 - 2*y**2 - y - 13. Suppose 4*v + 0*v - 15 = c, c = v - 6. Calculate a(v).
-4
Let l(g) be the first derivative of g - 1/3*g**3 + 0*g**2 + 4. Let m be l(0). Let i(v) = 2*v + 1. Calculate i(m).
3
Let i(y) = -2*y - 5. Let h(w) = 1. Let m(c) = 2*h(c) - i(c). Let l be (96/(-15))/(16/10 + -2). Suppose -15*k = -l*k - 6. Calculate m(k).
-5
Let l(m) be the first derivative of -m**5/120 + m**4/8 - m**3 - 6. Let d(r) be the third derivative of l(r). Let v = 18 + -11. Give d(v).
-4
Let c(m) = -m**3 - 3*m**2 - 3*m + 4. Suppose 5*q = 5, 16 = 4*g - 4*q - 0. Let k = g - 8. What is c(k)?
13
Let f = -116 + 391. Let u(h) = 548*h + 11 - 272*h - f*h. Determine u(-5).
6
Let w = -533 - -538. Let u(t) = t + 6 - 2*t + 5. What is u(w)?
6
Let s(m) = 5*m + 3*m + 0*m - 1 - m**2. Let f(c) = 16*c + 118. Let o be f(-7). Determine s(o).
11
Let t(s) = s**2 - s. Let l(a) = 2*a + 2. Let g be l(2). Suppose -5*v + 4*m + 5 - 17 = 0, -3*v = -2*m + g. Suppose 3*c - 3 - 3 = v. What is t(c)?
2
Let g = 3 + -5. Suppose 5 - 9 = -2*t. Let s(n) = 2*n**3 + 2*n**3 + n**2 + n**3 - n - t - 6*n**3. Calculate s(g).
12
Suppose 0 = -r - 3*r + 12. Let y(s) = 2*s**2 - s**2 - s**2 - s**r + 6*s**2 - 2. Let i(f) = -2*f**2 + 12*f - 4. Let v be i(5). Calculate y(v).
-2
Let j(m) = -m + 13. Suppose -13*a = -3*a. What is j(a)?
13
Let g(c) = 45 + 9*c - 76 + 44 - c**3 - 6*c**2. Let n be g(-7). Let b(x) = -23*x**3 + x**2. Determine b(n).
24
Let x = -11 - -4. Let w(u) be the second derivative of 0 - 7/6*u**3 - 15*u - 1/12*u**4 + 3/2*u**2. What is w(x)?
3
Let j(d) = d**2 - d - 9. Let x(f) be the third derivative of f**5/60 - 5*f**3/3 - 4*f**2. Let w(k) = 5*j(k) - 4*x(k). What is w(6)?
1
Suppose 0 = 2*m + 2*m + 3*n - 9, 5*m - 4*n = -12. Suppose 5*f - 10*f + 50 = 0. Let u(h) = 0*h - f - h - 2*h + 2*h. Give u(m).
-10
Let y be 4/10*(-2 + 2 - -10). Let j(b) be the third derivative of 0*b + 1/24*b**y + 0*b**3 + 0 + 2*b**2. Determine j(3).
3
Let f(l) = -9*l. Suppose 3*t = -t - 4, 0 = 3*m + 3*t + 111. Let r = -17 - m. Let h = -18 + r. Give f(h).
-9
Let t(s) = s - 10. Let l = -3 - -7. Suppose -25 = -l*q + 7. Let f = -8 + q. What is t(f)?
-10
Let x = -7 - -13. Suppose z + 4*k = -1, -3*z + x = -2*k + 5*k. Suppose 3*j + 33 = -z*s, -5 = 4*j + j - 5*s. Let n(l) = -2*l - 4. What is n(j)?
8
Let d be (-828)/(-162) + 2/(-18). Let t(b) = -4*b - 1. What is t(d)?
-21
Let y(a) = 3*a**2 - 1. Suppose -2*i - i = -9. Suppose 20 = x + i*x. Suppose 2 = -2*c - 3*o - 0, 4*o - 5 = x*c. Determine y(c).
2
Let a(r) be the second derivative of -r**5/20 + r**4/2 - 7*r**3/6 + 5*r**2/2 + r. Let v(t) = -t**3 - 15*t**2 - 40*t - 44. Let j be v(-12). What is a(j)?
9
Let s(v) = -v**2 - 6*v - 7. Suppose 115*r - 108*r = -35. Give s(r).
-2
Suppose -o + 5*d - 67 + 17 = 0, 0 = 4*d + 8. Let h = o + 61. Let n(y) = -11*y**2 + 2*y - 1. Calculate n(h).
-10
Let h(w) = 9*w - 2. Let i = -1435 - -1436. Determine h(i).
7
Let k = -239/2 + 1435/12. Let v(w) be the second derivative of 0 - 2*w**2 + 2/3*w**3 + 7*w + k*w**4. What is v(-5)?
1
Let n(o) = -o**2 - 2*o + 10. Let y be n(0). Suppose -h + 3*i - 6*i + 5 = 0, 4*h + 2*i - y = 0. Let q(t) = 3*t**2 - 4*t + 2. Calculate q(h).
6
Let y = -25 + 26. Let n be y/(4/12) - 1. Suppose l + n = 4*c - 13, 4*l + c - 8 = 0. Let u(o) = o**2 - o + 1. Give u(l).
1
Let g(u) = -u + 5. Let b(q) = 225*q + 673. Let w be b(-3). What is g(w)?
7
Suppose -4*q + 10 + 14 = 0. Suppose 4 - q = -w. Let f(k) = 28*k**3 + 13 - 29*k**3 + 3*k - w*k. What is f(0)?
13
Let n(p) = -p**3 - 2*p**2 + p + 4. Let q be n(0). Suppose -2*j + 3*j = q*r - 8, 2*j = -2*r - 36. Let i = -22 - j. Let d(z) = z**2 + 8*z + 2. Give d(i).
-10
Let d = 0 + 9. Let s be (-2 + 1)/(d/18). Let c(j) = j. Let w(z) = -2*z**3 - 3*z**2 - 2*z. Let v(x) = s*c(x) - w(x). Give v(-2).
-4
Let x(h) = 580 - 5*h - 585 + 4*h. Calculate x(-7).
2
Let i(y) = -y**3 - 7*y**2 - 8*y - 8. Let t be (-1 + 4)/((-5)/10). What is i(t)?
4
Let o(q) = -q**3 - 4*q**2 - 2*q - 3. Suppose 4*j - 17 = 31. Let s be ((-9)/j)/(6/(-16)). Suppose 3*u = 4*w + 3, -u - 15 = 6*w - s*w. Calculate o(w).
-6
Let z(i) = i**3 + 5*i**2 + 4*i - 4. Let u be 5/(3*(-3)/(-9)). Suppose 0 = -u*l + 33 + 2. Let m = -11 + l. Give z(m).
-4
Let i = -5 + 10. Let x(l) = 29*l + 6*l**2 - 19*l - 13*l + 3 - l**3. Determine x(i).
13
Let p be 2/3*6/2. Suppose -4*l = 0, -5*y - 3*l + 25 = p*l. Let n(m) = -m - 10*m + 4 + m + 8*m. Give n(y).
-6
Suppose 0 = 4*g - 1103 + 1087. Let c(b) = 10*b + 5. Give c(g).
45
Suppose -b + 17 = s + 3*b, 5*b + 5 = 4*s. Let r(i) = 5*i**2 + 2 - i**2 + 9*i - s*i**2. Give r(9).
2
Let f(n) = -n**3 + 4*n**2 - 3*n - 4. Suppose l = 2*l. Suppose 0 = -4*u + 2*j + 40, -j - 4 = -l*j. Suppose u*k - 6*k - 6 = 0. What is f(k)?
-4
Let t(m) be the third derivative of -m**6/120 + 7*m**5/60 + m**4/12 - 3*m**3/2 + 396*m**2. Determine t(7).
5
Let b(k) be the second derivative of 0 - 7/6*k**3 + 14*k + 1/3*k**4 + 1/20*k**5 - 1/2*k**2. Let f(u) = -u**2 - 4*u. Let s be f(-5). Determine b(s).
9
Let s(k) = -k**3 - 3*k**2 - k. Let z(f) = -f**2. Let i(j) = -s(j) + 4*z(j). Let m(l) = 4*l**3 - l**2 - l - 1. Let g(c) = i(c) - m(c). Determine g(2).
-19
Let h(j) = 2 + 5*j + 6*j - 13*j. Determine h(3).
-4
Let l(j) = -j**3 - 7*j**2 + j - 6. Suppose 2*t + 29 = -5*v, 36 = t - 4*t - 5*v. Calculate l(t).
-13
Let d(g) = 222*g + 228*g - 451*g. Determine d(-10).
10
Let k(t) be the third derivative of t**6/120 + t**5/30 - t**4/8 - 2*t**3/3 + 3*t**2 - 47. Give k(-3).
-4
Let r = -1 - -4. Let l(k) = -3*k + 18 + 19 - 57 + 21. What is l(r)?
-8
Let n(d) = d + 0*d + d**2 + 13 - 2*d. Suppose 6 = 4*g + 3*f - 0, 0 = -5*g - 3*f + 6. Give n(g).
13
Let c(m) = m. Suppose 533*j + 30 = 528*j. Let d(q) = -2*q - 6 + 3 - 5*q. Let u(k) = j*c(k) - d(k). Determine u(6).
9
Let d(c) = c**3 - 5*c**2 - 16*c + 17. Suppose 4*y + 91 = 17*y. Give d(y).
3
Let k(g) = 4*g**2 - 3 + 6 - 5*g**2 - 3 + 5*g**3. What is k(-1)?
-6
Let z(m) = -4*m - 29. Let p = 894 + -901. Determine z(p).
-1
Let k(x) = 23*x - 1. Let h(j) = -8*j. Let z = 47 - 53. Let v(d) = z*k(d) - 17*h(d). Calculate v(5).
-4
Let q(x) = -x**2 + 5*x**2 + 334*x**3 - 335*x**3 + 13*x. Let i be q(6). Let d(o) be the third derivative of -o**5/60 + 5*o**4/24 - o**3/3 - o**2. Calculate d(i).
-8
Let n(g) = -2*g**2 - 12*g + 14. Let q = 84 - 91. Let p 